common factor of 2 and j?
2
Let v be 5/(-2)*128/(-20). Let w = v + -12. Let b be 1/(2 - 6/w). What is the greatest common divisor of b and 14?
2
Let h(t) = -t**3 + 30*t**2 + 36*t - 147. Let d be h(31). Calculate the highest common factor of d and 28.
4
Let b = 507 - 488. Calculate the highest common divisor of 361 and b.
19
Let w = 99 - 68. Suppose 3*k = -4*u + w, -u + 2*u = -k + 12. Calculate the highest common divisor of k and 153.
17
Suppose -5*j + 4*a - 490 = 0, -40 + 351 = -3*j - a. Let p be j/(-18)*(3 + 0). Calculate the highest common factor of p and 119.
17
Suppose 0 = u - 36 + 6. What is the highest common factor of u and 345?
15
Let t be 895/(-358)*(98/5)/(-1). Suppose 3*s + 3*b - 43 = -s, 0 = -4*s - 4*b + 48. Calculate the highest common factor of s and t.
7
Suppose 3*r - 3*f - 18 = 69, 0 = 4*r - 5*f - 120. What is the highest common divisor of r and 80?
5
Let m(v) = 2*v**2 - 2*v + 1. Let o = 7 + -9. Let a be m(o). Suppose c + a = 21. Calculate the greatest common factor of c and 4.
4
Let f be 9 - (-9)/72*-8. Calculate the greatest common divisor of 216 and f.
8
Let y = 29 - 4. Let q = -1 + 1. Let z = 10 - q. Calculate the highest common factor of y and z.
5
Let x(u) = -u. Let g(t) = -5*t - 13. Let f(r) = -g(r) + 4*x(r). Let o be f(-10). Let s be 40/(2*o/12). Calculate the greatest common factor of 16 and s.
16
Suppose -3 + 115 = 8*u. Let o be 2 + (-3 - 1) - 2. Let h be 582/21 - o/14. What is the highest common divisor of h and u?
14
Let g = -7201 - -7219. Let k = 32 - 23. What is the highest common divisor of g and k?
9
Let z = -2240 + 2245. Suppose -3*r - 4*i + 14 = 0, -12 = 4*i - i. Calculate the greatest common factor of z and r.
5
Let j be (-98)/42*3*-1. Let m(a) = 11*a - 65. Let k be m(11). What is the greatest common factor of j and k?
7
Suppose 0*n = -n + 5. Let m(j) = j**3 + 3*j**2 - j - 1. Let a be m(-3). What is the greatest common factor of a and n?
1
Suppose -3*i + 8*i + 10 = 0. Let q be 3/i - (-464)/32. What is the highest common factor of q and 65?
13
Suppose 7*s - 142 = 138. What is the highest common divisor of s and 30?
10
Suppose 1189 = 5*k + s - 2012, 636 = k - 4*s. Suppose -400*h + 396*h + k = 0. Let g = -126 + 190. What is the greatest common factor of h and g?
32
Let a = -60 + 102. What is the greatest common factor of 294 and a?
42
Suppose -5*j + 2*s + 121 = 0, 2*j + 5*s - 95 + 35 = 0. Calculate the greatest common divisor of 25 and j.
25
Let m(s) = -5 + s + 3*s**2 + 0*s - 4*s. Let p(u) = u - 2. Let t be p(7). Let q be m(t). What is the highest common factor of q and 11?
11
Suppose -z + 112 = 3*z. Suppose d - 3*m - 8 - 5 = 0, -2*d = -5*m - z. What is the highest common factor of d and 19?
19
Let d = 42 - 21. Suppose -4*n = -279 - d. Suppose 4*j - n = j. What is the greatest common factor of j and 25?
25
Let o(p) = -p**3 - 3*p**2 - 4*p - 2. Let g be o(-2). Suppose 0 = g*t + 6 - 32. Let k be 4/18 + (-2336)/(-18). What is the highest common divisor of k and t?
13
Let x = -843 + 1395. Calculate the greatest common divisor of x and 24.
24
Suppose -3*l = -3*r + 21 - 0, -35 = -5*r - 5*l. Let n(o) = 26*o - 1. Let k be n(3). What is the greatest common factor of r and k?
7
Let z(h) = 32*h**2 - 2*h + 1. Let j be (2/(-10))/((-5)/25). Let x be z(j). Suppose x = 4*w - 37. Calculate the highest common divisor of 119 and w.
17
Suppose 0 = 3*h + 3*w + 150, -2*h - 96 = w - 0*w. Let v = 67 + h. Suppose 31 = 4*x - v. Calculate the greatest common factor of x and 104.
13
Suppose 23024 = 59*u + 368. Calculate the greatest common factor of u and 40.
8
Let g = -232 + 250. Calculate the highest common factor of g and 288.
18
Suppose -3*a = -5*a - 402. Let n = -3 - 121. Let j = n - a. Calculate the highest common factor of j and 11.
11
Let k be (-306)/(-14) + 2/14. Let v(h) = h**3 - h**2 - h - 1. Let l be v(0). Let p be (2/2)/l - -111. Calculate the highest common divisor of p and k.
22
Let y(t) = -2*t - 9. Let x be y(-6). Let f = 56 + -43. Suppose -x*q = -g - f, -q + 1 = -4. Calculate the highest common divisor of g and 10.
2
Let t(n) = -46*n + 307. Let g be t(4). Calculate the greatest common divisor of g and 410.
41
Suppose 3*b - b = 412. Let d = b - 134. Let x be (-108)/78*104/(-12). What is the greatest common factor of x and d?
12
Suppose 0 = -4*d + d + 30. Suppose 16*b - 17*b - 6 = 0. Let o = 4 - b. What is the greatest common divisor of d and o?
10
Suppose -2*z = 3*z - 80. Suppose 29 = 3*o - 1. Let n be 2/o - 7656/(-120). Calculate the greatest common divisor of n and z.
16
Suppose 3*a + 0*a + 1702 = 2*t, 3*t + 3*a - 2538 = 0. What is the highest common factor of t and 16?
16
Suppose 2*m - 4*c - 21 = m, 0 = 4*m + 3*c - 65. Let l(h) = -h**3 - 14*h**2 + 22*h - 7. Let y be l(-16). Calculate the greatest common factor of m and y.
17
Let p(i) = 6*i - 7. Let u be p(2). Suppose 0 = -u*c + 50 + 25. Suppose -4*d + 45 = 5*q, 4*d - 4*q - 2 = 34. Calculate the greatest common divisor of d and c.
5
Suppose -55*b + 22*b = -2904. What is the greatest common divisor of 8 and b?
8
Suppose -85 = -5*k - t, -5*t - 115 = -3*k - 2*k. Calculate the highest common divisor of k and 174.
6
Let f = -18 + 10. Let m(h) = -3*h. Let s be m(f). Calculate the highest common divisor of 216 and s.
24
Suppose 8*d - 85 = 7*d. Suppose -9*j + 159 = -147. What is the greatest common divisor of d and j?
17
Suppose 4*o + 3*o = 2093. Suppose -o = -3*u + 733. Calculate the greatest common factor of u and 43.
43
Let h be 0 - (2 + 1 - 8). Calculate the highest common factor of h and 6.
1
Let o be 15/(2 + (-11)/6). Let y(v) = -v**2 - 17*v. Suppose x = u + 10, 4*u + 84 = -4*x + 4. Let j be y(u). What is the highest common factor of o and j?
30
Suppose -1772 = 9*v - 2285. Let u = -15 - -34. What is the greatest common factor of u and v?
19
Let k be 3 - 57/51 - 10/(-85). Let w = k + 14. What is the greatest common divisor of 104 and w?
8
Suppose -2190 = -d - 4*d. Suppose -2*f = 5*t - 565, 3*f = 3*t - d + 78. Calculate the highest common factor of t and 46.
23
Let p(g) = g**2 - 3*g - 1. Let o be p(-2). Let b(d) = 10*d - o + 7*d - d. Let v be b(9). Calculate the highest common divisor of 15 and v.
15
Let q(s) = -2*s - 4. Let t be q(-4). Suppose 2*p = -7*i + 2*i + 15, 0 = -3*i + t*p + 35. What is the greatest common factor of i and 35?
5
Suppose 8*j - 4*j = 0. Let f be 310 - j/(4/(-2)). Let t = -212 + f. Calculate the greatest common divisor of 14 and t.
14
Let q = 1661 + -1061. What is the highest common factor of q and 12?
12
Let m = 10 - 15. Let g be (2 - -1) + m - 8. Let d be g*((-6)/(-2))/(-3). What is the highest common factor of d and 80?
10
Suppose p + 4*p - 3*h + 168 = 0, -2*h = -4*p - 134. Let y = 54 + p. Let i = 27 - y. What is the greatest common factor of i and 48?
6
Suppose 19*v - 6 = 18*v. Suppose -v*k + k = -255. What is the highest common divisor of 153 and k?
51
Let c(l) = -l**3 - 16*l**2 - 27*l - 63. Let x be c(-15). Let d(n) = n**2 + 9*n - 9. Let w be d(-11). What is the highest common divisor of w and x?
13
Suppose -3*x = w - 23, 0 = -4*w - 9*x + 8*x + 81. What is the greatest common divisor of 4 and w?
4
Suppose z + 2*j - 6 - 16 = 0, -2*z - j + 29 = 0. Let x = 100 + 8. What is the highest common divisor of x and z?
12
Let v(c) = 24*c**2 + 7*c + 6. Let r be v(-2). Calculate the greatest common factor of r and 704.
88
Let c be ((-200)/15)/8 + 4/6. Let d(j) = j - j + 56*j**2. Let a be d(c). Calculate the greatest common factor of a and 7.
7
Let j(y) = -11*y + 3*y**2 + 3 - 16 - 4*y**2 - 1. Let r be j(-4). Calculate the greatest common divisor of r and 126.
14
Suppose -10*j + 8*j - 3*p + 407 = 0, -2*j = p - 413. Calculate the greatest common factor of j and 936.
104
Suppose i + 0*i - 9 = 0. Suppose 2376 = -20*o + 44*o. What is the highest common divisor of o and i?
9
Let d = -27 - -16. Let m be (0 - 3)*d/33. Suppose 3*y - 2 = 3*i - 5, 0 = -y + 2. What is the greatest common divisor of i and m?
1
Suppose -49*m - 62*m + 41958 = 0. What is the greatest common factor of 12 and m?
6
Suppose -2*o - 12 = -b + 164, 2*o = -2*b + 328. Calculate the greatest common divisor of b and 105.
21
Let l(z) = z**2 - 4*z**2 - 4*z - 28 - 4*z + 4*z**2. Let y be l(11). What is the greatest common factor of 40 and y?
5
Suppose 541*q - 17151 - 19313 = 14931. Suppose 0 = -2*w + 5 + 